{"id":9,"date":"2021-11-29T11:22:38","date_gmt":"2021-11-29T11:22:38","guid":{"rendered":"http:\/\/barta.store\/?page_id=9"},"modified":"2026-01-05T17:57:35","modified_gmt":"2026-01-05T17:57:35","slug":"menu","status":"publish","type":"page","link":"https:\/\/barta.store\/","title":{"rendered":"Men\u00fa"},"content":{"rendered":"\n<figure class=\"wp-block-image size-large is-resized\"><img loading=\"lazy\" decoding=\"async\" width=\"442\" height=\"1024\" src=\"http:\/\/barta.store\/wp-content\/uploads\/2026\/01\/menu-digital-barta-442x1024.jpg\" alt=\"\" class=\"wp-image-488\" style=\"width:611px;height:auto\" srcset=\"https:\/\/barta.store\/wp-content\/uploads\/2026\/01\/menu-digital-barta-442x1024.jpg 442w, https:\/\/barta.store\/wp-content\/uploads\/2026\/01\/menu-digital-barta-130x300.jpg 130w, https:\/\/barta.store\/wp-content\/uploads\/2026\/01\/menu-digital-barta-768x1778.jpg 768w, https:\/\/barta.store\/wp-content\/uploads\/2026\/01\/menu-digital-barta-885x2048.jpg 885w, https:\/\/barta.store\/wp-content\/uploads\/2026\/01\/menu-digital-barta.jpg 1080w\" sizes=\"(max-width: 442px) 100vw, 442px\" \/><\/figure>\n\n\n\n<figure class=\"wp-block-image size-large\"><img loading=\"lazy\" decoding=\"async\" width=\"582\" height=\"1024\" src=\"http:\/\/barta.store\/wp-content\/uploads\/2026\/01\/menu-digital-barta2-582x1024.jpg\" alt=\"\" class=\"wp-image-489\" srcset=\"https:\/\/barta.store\/wp-content\/uploads\/2026\/01\/menu-digital-barta2-582x1024.jpg 582w, https:\/\/barta.store\/wp-content\/uploads\/2026\/01\/menu-digital-barta2-171x300.jpg 171w, https:\/\/barta.store\/wp-content\/uploads\/2026\/01\/menu-digital-barta2-768x1351.jpg 768w, https:\/\/barta.store\/wp-content\/uploads\/2026\/01\/menu-digital-barta2-873x1536.jpg 873w, https:\/\/barta.store\/wp-content\/uploads\/2026\/01\/menu-digital-barta2.jpg 1080w\" sizes=\"(max-width: 582px) 100vw, 582px\" \/><\/figure>\n\n\n\n<figure class=\"wp-block-image size-large\"><img loading=\"lazy\" decoding=\"async\" width=\"442\" height=\"1024\" src=\"http:\/\/barta.store\/wp-content\/uploads\/2026\/01\/menu-digital-barta3-442x1024.jpg\" alt=\"\" class=\"wp-image-490\" srcset=\"https:\/\/barta.store\/wp-content\/uploads\/2026\/01\/menu-digital-barta3-442x1024.jpg 442w, https:\/\/barta.store\/wp-content\/uploads\/2026\/01\/menu-digital-barta3-130x300.jpg 130w, https:\/\/barta.store\/wp-content\/uploads\/2026\/01\/menu-digital-barta3-768x1778.jpg 768w, https:\/\/barta.store\/wp-content\/uploads\/2026\/01\/menu-digital-barta3-885x2048.jpg 885w, https:\/\/barta.store\/wp-content\/uploads\/2026\/01\/menu-digital-barta3.jpg 1080w\" sizes=\"(max-width: 442px) 100vw, 442px\" \/><\/figure>\n\n\n\n<figure class=\"wp-block-image size-large\"><img loading=\"lazy\" decoding=\"async\" width=\"434\" height=\"1024\" src=\"http:\/\/barta.store\/wp-content\/uploads\/2026\/01\/menu-digital-barta4-434x1024.jpg\" alt=\"\" class=\"wp-image-498\" srcset=\"https:\/\/barta.store\/wp-content\/uploads\/2026\/01\/menu-digital-barta4-434x1024.jpg 434w, https:\/\/barta.store\/wp-content\/uploads\/2026\/01\/menu-digital-barta4-127x300.jpg 127w, https:\/\/barta.store\/wp-content\/uploads\/2026\/01\/menu-digital-barta4-768x1813.jpg 768w, https:\/\/barta.store\/wp-content\/uploads\/2026\/01\/menu-digital-barta4-651x1536.jpg 651w, https:\/\/barta.store\/wp-content\/uploads\/2026\/01\/menu-digital-barta4-867x2048.jpg 867w, https:\/\/barta.store\/wp-content\/uploads\/2026\/01\/menu-digital-barta4.jpg 1080w\" sizes=\"(max-width: 434px) 100vw, 434px\" \/><\/figure>\n\n\n\n<figure class=\"wp-block-image size-large\"><img loading=\"lazy\" decoding=\"async\" width=\"527\" height=\"1024\" src=\"http:\/\/barta.store\/wp-content\/uploads\/2026\/01\/menu-digital-barta5-527x1024.jpg\" alt=\"\" class=\"wp-image-492\" srcset=\"https:\/\/barta.store\/wp-content\/uploads\/2026\/01\/menu-digital-barta5-527x1024.jpg 527w, https:\/\/barta.store\/wp-content\/uploads\/2026\/01\/menu-digital-barta5-154x300.jpg 154w, https:\/\/barta.store\/wp-content\/uploads\/2026\/01\/menu-digital-barta5-768x1493.jpg 768w, https:\/\/barta.store\/wp-content\/uploads\/2026\/01\/menu-digital-barta5-790x1536.jpg 790w, https:\/\/barta.store\/wp-content\/uploads\/2026\/01\/menu-digital-barta5-1053x2048.jpg 1053w, https:\/\/barta.store\/wp-content\/uploads\/2026\/01\/menu-digital-barta5.jpg 1080w\" sizes=\"(max-width: 527px) 100vw, 527px\" \/><\/figure>\n\n\n\n<figure class=\"wp-block-image size-large\"><img loading=\"lazy\" decoding=\"async\" width=\"273\" height=\"1024\" src=\"http:\/\/barta.store\/wp-content\/uploads\/2026\/01\/menu-digital-barta6-273x1024.jpg\" alt=\"\" class=\"wp-image-493\" srcset=\"https:\/\/barta.store\/wp-content\/uploads\/2026\/01\/menu-digital-barta6-273x1024.jpg 273w, https:\/\/barta.store\/wp-content\/uploads\/2026\/01\/menu-digital-barta6-80x300.jpg 80w, https:\/\/barta.store\/wp-content\/uploads\/2026\/01\/menu-digital-barta6-768x2880.jpg 768w, https:\/\/barta.store\/wp-content\/uploads\/2026\/01\/menu-digital-barta6-410x1536.jpg 410w, https:\/\/barta.store\/wp-content\/uploads\/2026\/01\/menu-digital-barta6-546x2048.jpg 546w, https:\/\/barta.store\/wp-content\/uploads\/2026\/01\/menu-digital-barta6-scaled.jpg 683w\" sizes=\"(max-width: 273px) 100vw, 273px\" \/><\/figure>\n\n\n\n<figure class=\"wp-block-image size-large\"><img loading=\"lazy\" decoding=\"async\" width=\"316\" height=\"1024\" src=\"http:\/\/barta.store\/wp-content\/uploads\/2026\/01\/menu-digital-barta7-316x1024.jpg\" alt=\"\" class=\"wp-image-494\" srcset=\"https:\/\/barta.store\/wp-content\/uploads\/2026\/01\/menu-digital-barta7-316x1024.jpg 316w, https:\/\/barta.store\/wp-content\/uploads\/2026\/01\/menu-digital-barta7-93x300.jpg 93w, https:\/\/barta.store\/wp-content\/uploads\/2026\/01\/menu-digital-barta7-768x2489.jpg 768w, https:\/\/barta.store\/wp-content\/uploads\/2026\/01\/menu-digital-barta7-474x1536.jpg 474w, https:\/\/barta.store\/wp-content\/uploads\/2026\/01\/menu-digital-barta7-632x2048.jpg 632w, https:\/\/barta.store\/wp-content\/uploads\/2026\/01\/menu-digital-barta7-scaled.jpg 790w\" sizes=\"(max-width: 316px) 100vw, 316px\" \/><\/figure>\n\n\n\n<figure class=\"wp-block-image size-large\"><img loading=\"lazy\" decoding=\"async\" width=\"385\" height=\"1024\" src=\"http:\/\/barta.store\/wp-content\/uploads\/2026\/01\/menu-digital-barta8-385x1024.jpg\" alt=\"\" class=\"wp-image-495\" srcset=\"https:\/\/barta.store\/wp-content\/uploads\/2026\/01\/menu-digital-barta8-385x1024.jpg 385w, https:\/\/barta.store\/wp-content\/uploads\/2026\/01\/menu-digital-barta8-113x300.jpg 113w, https:\/\/barta.store\/wp-content\/uploads\/2026\/01\/menu-digital-barta8-768x2041.jpg 768w, https:\/\/barta.store\/wp-content\/uploads\/2026\/01\/menu-digital-barta8-578x1536.jpg 578w, https:\/\/barta.store\/wp-content\/uploads\/2026\/01\/menu-digital-barta8-771x2048.jpg 771w, https:\/\/barta.store\/wp-content\/uploads\/2026\/01\/menu-digital-barta8-scaled.jpg 963w\" sizes=\"(max-width: 385px) 100vw, 385px\" \/><\/figure>\n\n\n\n<h4 class=\"wp-block-heading has-text-align-center has-white-color has-text-color has-background\" style=\"background-color:#00bc03\"><a href=\"https:\/\/wa.me\/+5492993292003\" target=\"_blank\" rel=\"noreferrer noopener\" title=\"\u00a1Hac\u00e9 tu pedido por whatsapp!\">\u00a1Hac\u00e9 tu pedido por whatsapp!<\/a><\/h4>\n\n\n\n<figure class=\"wp-block-image size-large\"><img loading=\"lazy\" decoding=\"async\" width=\"1024\" height=\"569\" src=\"http:\/\/barta.store\/wp-content\/uploads\/2024\/06\/menu-digital-barta10-1024x569.jpg\" alt=\"\" class=\"wp-image-377\" srcset=\"https:\/\/barta.store\/wp-content\/uploads\/2024\/06\/menu-digital-barta10-1024x569.jpg 1024w, https:\/\/barta.store\/wp-content\/uploads\/2024\/06\/menu-digital-barta10-300x167.jpg 300w, https:\/\/barta.store\/wp-content\/uploads\/2024\/06\/menu-digital-barta10-768x427.jpg 768w, https:\/\/barta.store\/wp-content\/uploads\/2024\/06\/menu-digital-barta10.jpg 1080w\" sizes=\"(max-width: 1024px) 100vw, 1024px\" \/><\/figure>\n\n\n\n<h4 class=\"wp-block-heading has-text-align-center has-white-color has-text-color has-background\" style=\"background-color:#fa0050\"><a href=\"https:\/\/www.pedidosya.com.ar\/restaurantes\/neuquen\/barta-tarteria-gourmet-menu\" target=\"_blank\" rel=\"noreferrer noopener\" title=\"\u00a1Ped\u00ed con env\u00edos ac\u00e1!\">\u00a1Ped\u00ed con env\u00edos ac\u00e1!<\/a><\/h4>\n","protected":false},"excerpt":{"rendered":"<p>\u00a1Hac\u00e9 tu pedido por whatsapp! \u00a1Ped\u00ed con env\u00edos ac\u00e1!<\/p>\n","protected":false},"author":1,"featured_media":0,"parent":0,"menu_order":0,"comment_status":"closed","ping_status":"closed","template":"","meta":{"om_disable_all_campaigns":false,"_monsterinsights_skip_tracking":false,"_monsterinsights_sitenote_active":false,"_monsterinsights_sitenote_note":"","_monsterinsights_sitenote_category":0,"footnotes":""},"_links":{"self":[{"href":"https:\/\/barta.store\/index.php\/wp-json\/wp\/v2\/pages\/9"}],"collection":[{"href":"https:\/\/barta.store\/index.php\/wp-json\/wp\/v2\/pages"}],"about":[{"href":"https:\/\/barta.store\/index.php\/wp-json\/wp\/v2\/types\/page"}],"author":[{"embeddable":true,"href":"https:\/\/barta.store\/index.php\/wp-json\/wp\/v2\/users\/1"}],"replies":[{"embeddable":true,"href":"https:\/\/barta.store\/index.php\/wp-json\/wp\/v2\/comments?post=9"}],"version-history":[{"count":84,"href":"https:\/\/barta.store\/index.php\/wp-json\/wp\/v2\/pages\/9\/revisions"}],"predecessor-version":[{"id":501,"href":"https:\/\/barta.store\/index.php\/wp-json\/wp\/v2\/pages\/9\/revisions\/501"}],"wp:attachment":[{"href":"https:\/\/barta.store\/index.php\/wp-json\/wp\/v2\/media?parent=9"}],"curies":[{"name":"wp","href":"https:\/\/api.w.org\/{rel}","templated":true}]}}